-7
Suppose 29*q = -23*q - 1092. Let p(z) = -z - 21. Calculate p(q).
0
Let w(f) = 3*f + 366 - 135 - 120 - 143. Calculate w(14).
10
Suppose 2*f + 2*f = 52. Let w(j) = 11 - j**3 - f + 4. Determine w(0).
2
Let x(p) = p - 1. Let h(q) = -5 + 2 - 20*q + 26*q. Let b(u) = h(u) - 2*x(u). Give b(-2).
-9
Let j(y) = -y**3 + 13*y**2 - 7*y - 12. Let i be (-360)/420 - 360/(-28). Determine j(i).
48
Let c(y) = -y**3 + 8*y**2 - 8*y + 10. Let g = -367 + 1001. Let h = -627 + g. Determine c(h).
3
Let m = 757 - 759. Let f(y) = -4*y**2 - 7*y. Calculate f(m).
-2
Let s(h) = -3*h - 14. Let u be s(-6). Suppose 0 = n - u*n + 6. Let j(r) = -20 + 30 - 11 - n*r. Determine j(-3).
5
Let d(j) be the third derivative of 2*j**2 + 0*j + 1/24*j**4 + 2*j**3 + 36. What is d(14)?
26
Let f(i) = -2*i + 94. Let h(v) = v - 44. Let j(g) = 6*f(g) + 13*h(g). Determine j(2).
-6
Let m(u) = u**3 + 9*u**2 - 49*u - 9. Suppose 4*t + 0 - 16 = 0. Let k be m(t). Let z(j) be the first derivative of -2*j**3/3 + j**2/2 + 2*j + 2. Give z(k).
-13
Let z(q) = 2*q - 11. Suppose -645*d + 652*d - 84 = 0. Determine z(d).
13
Let z = -35 + 44. Let l be z/(-3 + 1 - -3). Let w(m) = 23 - 7 + 6*m - 6 - l. Calculate w(-3).
-17
Let h = 3 + 5. Let a(z) be the first derivative of 13*z - 52 - 1/2*z**2. Calculate a(h).
5
Let x(t) = -8*t**2 + 4*t**2 - t**3 - 3*t - 21 - 2*t**2 + 15. Let p be 0 + -6*(-3)/6. Suppose 0 = -n - p*n - 24. Calculate x(n).
12
Let g be 21/14*10/3. Let i(s) = 3*s**2 + 2*s**2 - 6*s + 5 + s**2 - s**3. Calculate i(g).
0
Suppose 172 = 85*p + 688 + 164. Let n(s) = -3*s**2 + 19*s - 33. Let x(z) = 4*z**2 - 28*z + 49. Let y(d) = 7*n(d) + 5*x(d). Determine y(p).
6
Let r(k) = -43*k + 158. Let z(q) = -14*q + 41. Let g(i) = 2*r(i) - 7*z(i). Calculate g(-6).
-43
Let t = 19 + -19. Suppose t = -q - 12*q - 104. Let b(r) = -r**3 - 8*r**2 + r + 7. Give b(q).
-1
Let o be (-2)/(-1)*-1*(19 - 20). Let n(l) = -532*l - 532*l + o + 1063*l. Give n(-8).
10
Let h be (2 + -1)/(((-350)/(-120))/(-35)). Let k(w) = w**2 + 15*w - 15. Calculate k(h).
-51
Let g(t) = -1330*t + 433*t + 117 + 439*t + 451*t. Determine g(18).
-9
Let w(y) = -y**2 - 12*y - 17. Let r(c) = c**2 + 177*c - 924. Let b be r(5). What is w(b)?
-45
Let v(l) = 2*l - 4. Let w be v(2). Let x(h) be the second derivative of -h**5/20 + h**4/12 + h**3/6 - h**2/2 - 4*h - 38. Give x(w).
-1
Let z(g) be the third derivative of g**6/120 - 2*g**5/15 + g**4/3 + 3*g**3 + 4*g**2 + 225. Calculate z(6).
-6
Let a(t) be the first derivative of 2*t**3 + 4*t + 5/2*t**2 + 2 + 1/4*t**4. Let r(f) = f + 9. Let i be r(-13). What is a(i)?
16
Let y(j) = -4*j**2 + 2*j - 3. Let s(i) = 43*i**2 - 17*i + 40. Let n(x) = 2*s(x) + 22*y(x). What is n(8)?
-34
Let s(w) = -w**3 - 7*w**2 + 10*w + 3. Let n be (5/((-20)/12) - -3) + 42. Suppose 4*i + 5*b + n = 0, 0 = 5*b + 3 + 7. Calculate s(i).
-13
Suppose 87 = -5*y + 2*j - 8, -90 = 5*y - j. Let l(d) = -d**3 - 19*d**2 - 38*d - 42. What is l(y)?
26
Let u(a) = -a**3 + 3*a**2 + 11*a - 4. Let y be 28/(-12) + 14/(-21). Calculate u(y).
17
Let c be (1 + 1)*1 - -1. Let f(l) = -65*l**2 - l**3 + 60*l**2 - l - l**3 + c. Calculate f(-3).
15
Let x(i) = i**3 - 7*i**2 - 8*i - 5. Let d = -223 + 232. Determine x(d).
85
Suppose -3*j + 196 = j + 2*m, -5*m + 147 = 3*j. Let y = -1236 + 1285. Let t = y - j. Let r(l) = l**2 - l - 5. Determine r(t).
-5
Let o(m) = 28*m + 88*m + 1 + 21 - 118*m. Determine o(0).
22
Suppose -57*q + 777 = 14*q - 146. Let b = 22 - 13. Let t(d) = -b + 21 + 3*d - q. Calculate t(2).
5
Let c(u) = u + 2. Let b(n) = -n**2 - 18*n - 6. Let s be b(-9). Let f = -20 + s. Let d = 55 - f. Give c(d).
2
Let w = 6 - 2. Suppose -172 = -5*m - 47. Suppose -o = 4*s + 13 + w, 0 = -5*o - m. Let v(b) = 2*b - 3. Give v(s).
-9
Let p(r) = -r - 3. Let i = -18 - -27. Let a be 21/i + 3/(-9). Suppose 2*h - a*y + 14 = 0, -y = -2*h + 2*y - 17. Give p(h).
1
Let q(f) = -2471*f + 4 + 2492*f - 2 + 7*f**2 - 6*f**2 + 1. Determine q(-21).
3
Suppose -29*v + 3*b = -25*v - 42, -5*b - 6 = 4*v. Let c(x) = -x**3 - 4*x**2 - 4*x - 1. Let s be c(-3). Let g(r) = 3 + r**2 + 7*r - s*r**2 - 3*r. Calculate g(v).
-9
Let g(c) = -c**3 + 38*c**2 + c - 42. Let a be (-3456)/(-90) - (-4)/(-10). What is g(a)?
-4
Let a(d) = 3*d - 23. Let y = 4705 + -4705. What is a(y)?
-23
Let j(z) be the first derivative of 2*z**3/3 - 3*z**2/2 + 1. Suppose 2*f = f + t + 3, 0 = 4*f + 2*t - 36. Let q be ((-2)/(5 - f)*2)/1. Determine j(q).
2
Let y(k) = -k - 2*k - 2*k + 6*k - 4 + 3. Let f(d) = 4*d - 5. Let r(s) = 8*s - 11. Let g(i) = -5*f(i) + 2*r(i). Let x(b) = -g(b) - 3*y(b). Calculate x(5).
5
Let i(y) = -y**2 - 29*y + 39. Let p(j) = 2*j**2 + 61*j - 76. Let r(l) = -13*i(l) - 6*p(l). Calculate r(-14).
-9
Let f(i) be the second derivative of -5*i**3/6 + 29*i**2/2 - 5*i - 23. What is f(-6)?
59
Let t(s) = -3*s**2 - 8*s - 9. Let v = -2486 - -2480. Calculate t(v).
-69
Suppose 6389 = -k + 5*k - 5*p, -p = 5*k - 8008. Let d(n) = 3197*n - 1593*n - k*n - 2. Determine d(1).
1
Let c(w) = -5*w**3 + 27*w**2 - 34*w + 2. Let b(r) = -r**3 + 6*r**2 - 7*r. Let i(h) = 19*b(h) - 4*c(h). Let u be (32/(-5) - 0) + 6/15. Calculate i(u).
-26
Suppose -5*r + u - 9 = -u, r + 5*u = 9. Let a(x) = -14*x - 15. Determine a(r).
-1
Let a(o) = -22*o + 148. Let y(i) = -20*i + 145. Let z(c) = -6*a(c) + 7*y(c). Determine z(18).
-17
Let t(q) be the third derivative of 7*q**4/24 - 19*q**3/2 + 552*q**2 + q. Calculate t(8).
-1
Let f(i) = 2*i**2 - 4*i - 20. Let b(w) = -4*w**2 + 7*w + 35. Let g(a) = 4*b(a) + 7*f(a). Suppose 5 - 3 = 3*n + z, 0 = -n + 2*z + 3. Give g(n).
-2
Let h be (6/(-16)*10)/((-17)/272). Let n(u) = 5 - 5*u**2 + 124*u - h*u + 0*u**3 + u**3 - 61*u. Give n(4).
1
Let c(k) = 0 + 23*k - 32*k + 13*k - 32. What is c(9)?
4
Suppose 56*n = -373 - 75. Let r(x) = x**3 + 10*x**2 + 9*x - 19. Give r(n).
37
Let d be (-17 + (-21 - -35))*(-2)/(-6). Let t = 6 + -3. Let a(l) = -t*l + 7*l + 10*l. Determine a(d).
-14
Suppose 5*r + 8 = 3*r + 5*h, h = 9*r - 50. Let b(s) = 5*s - 3. Calculate b(r).
27
Let n(o) = o - 35. Let x(m) = 30*m - 893. Let u(y) = -50*n(y) + 2*x(y). Determine u(10).
64
Let q be -4 - (3/(-6))/(4*22/176). Let w(c) be the first derivative of -2*c**2 + 2 - 1/3*c**3 - 2*c. Give w(q).
1
Let d(n) = n**2 + 19 - 13 + 23 - 15*n. Let m be d(13). Let q(i) = -2 + i**2 - 2*i - 5*i**2 + 1 + 53*i**m - 52*i**3. Determine q(4).
-9
Let x(q) = -q**3 - 7*q**2 - 5. Let b(f) = -3*f**3 - 37*f**2 - 10*f + 14. Let z be b(-12). Let o be 5 + -8*(-15)/z. What is x(o)?
-5
Suppose 40*w - 74 = 3*w. Let s be w/((-24)/(-6))*8. Let l(j) be the third derivative of j**5/60 - j**4/6 + 2*j**3/3 + j**2. What is l(s)?
4
Let w(q) be the first derivative of -q**3 + 3*q**2 - 2*q - 1783. Determine w(2).
-2
Let l(w) = w**3 + 11*w**2 - 2*w - 36. Let k = 15650 + -15661. What is l(k)?
-14
Let x(l) = -l**2 - 13*l - 20. Let n be x(-11). Let f = 31 + -24. Let c(w) = -w**n - 10 + 5 + f + 2 - 2*w. What is c(-5)?
-11
Let r = -535 + 629. Let k(o) = r - 130 + o + o + 65. What is k(-12)?
5
Let m(y) = -y**2 + 9*y - 15. Let b = 4018 - 4015. What is m(b)?
3
Let u(c) = -18*c - 308. Suppose 0 = 2020*x - 2044*x - 408. Give u(x).
-2
Let f = -155 + 157. Let i(b) = -11*b**3 - b**f - 34*b + 19*b + 15*b. Calculate i(-1).
10
Let f be (48/64)/(2/(-8)) - (1 - 16). Let r(w) = -w**2 + 11*w + 16. What is r(f)?
4
Let k(c) = c - 1. Let b be 12 + (-2)/((-22)/(-4) - 5). Suppose 65*x - 67*x - 2*i = -b, 0 = -i. Determine k(x).
3
Let t(d) = -d - 1. Let l(c) = 12*c + 240 - 67 - 102. Let v be l(-6). Calculate t(v).
0
Let t(j) be the first derivative of -j**3/3 - 5*j**2/2 + 4*j - 368. Calculate t(-6).
-2
Suppose 67*o = 66*o. Suppose 3*w + 24 = 7*w - 2*c, -4*w - c + 18 = o. Let k(b) be the third derivative of -b**4/24 + 3*b**3/2 + b**2. What is k(w)?
4
Suppose 0 = -2*o + 15 + 3. Suppose -l = -o + 1. Let z be (10 + -4)*(-12)/l. Let j(n) = -n - 2. What is j(z)?
7
Let s(u) = -13*u - 44. Suppose -14*z = -25*z - 33. Determine s(z).
-5
Let w(z) = z - 6. Suppose 30*f = 27*f + 9. Let a be f/(-6) - 3/((-12)/170). Let x = a - 37. Determine w(x).
-1
Suppose 8*v - 26 = 6. Suppose -9*r = -v*r - 10. Let z(l) = l**3 - 3*l**2 - 3*l + 2. Determine z(r).
-8
Let v be 45/(-6)*1*8/(-10). Suppose v*r + r = 49. Let x(y) = -4 + r + 10*y - 9*y. Calculate x(-2).
1
Let u(p) = 5*p**2 + p**3 + 6*p - 4 + 4. Let c(n) = 8*n - 1072. Let x(d) = d - 154. Let y(g) = 3*c(g) - 20*x(g).